{"id":147,"date":"2025-12-16T16:29:32","date_gmt":"2025-12-16T15:29:32","guid":{"rendered":"https:\/\/laura-ndrc24.se-formation.fr\/?post_type=product&#038;p=147"},"modified":"2025-12-16T16:44:28","modified_gmt":"2025-12-16T15:44:28","slug":"calendrier-de-lavent-barcares","status":"publish","type":"product","link":"https:\/\/laura-ndrc24.se-formation.fr\/index.php\/produit\/calendrier-de-lavent-barcares\/","title":{"rendered":"Calendrier de l\u2019Avent Barcar\u00e8s"},"content":{"rendered":"<div class=\"relative basis-auto flex-col -mb-(--composer-overlap-px) [--composer-overlap-px:28px] grow flex\">\n<div class=\"flex flex-col text-sm pb-25\">\n<article class=\"text-token-text-primary w-full focus:outline-none [--shadow-height:45px] has-data-writing-block:pointer-events-none has-data-writing-block:-mt-(--shadow-height) has-data-writing-block:pt-(--shadow-height) [&amp;:has([data-writing-block])&gt;*]:pointer-events-auto scroll-mt-[calc(var(--header-height)+min(200px,max(70px,20svh)))]\" dir=\"auto\" tabindex=\"-1\" data-turn-id=\"request-WEB:b238ea12-d650-440a-af9e-fa2eef7e96cf-2\" data-testid=\"conversation-turn-6\" data-scroll-anchor=\"true\" data-turn=\"assistant\">\n<div class=\"text-base my-auto mx-auto pb-10 [--thread-content-margin:--spacing(4)] @w-sm\/main:[--thread-content-margin:--spacing(6)] @w-lg\/main:[--thread-content-margin:--spacing(16)] px-(--thread-content-margin)\">\n<div class=\"[--thread-content-max-width:40rem] @w-lg\/main:[--thread-content-max-width:48rem] mx-auto max-w-(--thread-content-max-width) flex-1 group\/turn-messages focus-visible:outline-hidden relative flex w-full min-w-0 flex-col agent-turn\" tabindex=\"-1\">\n<div class=\"flex max-w-full flex-col grow\">\n<div class=\"min-h-8 text-message relative flex w-full flex-col items-end gap-2 text-start break-words whitespace-normal [.text-message+&amp;]:mt-1\" dir=\"auto\" data-message-author-role=\"assistant\" data-message-id=\"29d778a0-d104-4c14-97f3-93a3de6695b9\" data-message-model-slug=\"gpt-5-2\">\n<div class=\"flex w-full flex-col gap-1 empty:hidden first:pt-[1px]\">\n<div class=\"markdown prose dark:prose-invert w-full break-words light markdown-new-styling\">\n<h4 data-start=\"146\" data-end=\"182\">\ud83c\udf81 Calendrier de l\u2019Avent Barcar\u00e8s<\/h4>\n<p data-start=\"184\" data-end=\"363\">Faites monter la magie de No\u00ebl jour apr\u00e8s jour avec le <strong data-start=\"239\" data-end=\"273\">Calendrier de l\u2019Avent Barcar\u00e8s<\/strong>, une cr\u00e9ation exclusive inspir\u00e9e de l\u2019univers f\u00e9erique du <strong data-start=\"332\" data-end=\"362\">March\u00e9 de No\u00ebl du Barcar\u00e8s<\/strong>.<\/p>\n<p data-start=\"365\" data-end=\"649\">Derri\u00e8re chacune des <strong data-start=\"386\" data-end=\"401\">24 fen\u00eatres<\/strong>, d\u00e9couvrez une surprise soigneusement s\u00e9lectionn\u00e9e : douceurs gourmandes, petits cadeaux artisanaux ou attentions festives rappelant l\u2019ambiance chaleureuse du village de No\u00ebl. Un v\u00e9ritable voyage au c\u0153ur des f\u00eates, \u00e0 savourer jusqu\u2019au 24 d\u00e9cembre.<\/p>\n<h5 data-start=\"651\" data-end=\"673\">\u2728 Caract\u00e9ristiques<\/h5>\n<ul data-start=\"674\" data-end=\"922\">\n<li data-start=\"674\" data-end=\"719\"><strong data-start=\"676\" data-end=\"719\">Calendrier de l\u2019Avent exclusif Barcar\u00e8s<\/strong><\/li>\n<li data-start=\"720\" data-end=\"768\"><strong data-start=\"722\" data-end=\"738\">24 surprises<\/strong> pour patienter jusqu\u2019\u00e0 No\u00ebl<\/li>\n<li data-start=\"769\" data-end=\"820\">S\u00e9lection de <strong data-start=\"784\" data-end=\"820\">produits gourmands et artisanaux<\/strong><\/li>\n<li data-start=\"821\" data-end=\"879\"><strong data-start=\"823\" data-end=\"852\">Design festif et illustr\u00e9<\/strong>, inspir\u00e9 du march\u00e9 de No\u00ebl<\/li>\n<li data-start=\"880\" data-end=\"922\">Convient aux <strong data-start=\"895\" data-end=\"922\">petits comme aux grands<\/strong><\/li>\n<\/ul>\n<h5 data-start=\"924\" data-end=\"952\">\ud83c\udf84 Pourquoi on l\u2019adore ?<\/h5>\n<ul data-start=\"953\" data-end=\"1162\">\n<li data-start=\"953\" data-end=\"1008\">\n<p data-start=\"955\" data-end=\"1008\">Prolonge l\u2019exp\u00e9rience du March\u00e9 de No\u00ebl \u00e0 la maison<\/p>\n<\/li>\n<li data-start=\"1009\" data-end=\"1070\">\n<p data-start=\"1011\" data-end=\"1070\">Cadeau parfait pour les amateurs de No\u00ebl et de traditions<\/p>\n<\/li>\n<li data-start=\"1071\" data-end=\"1102\">\n<p data-start=\"1073\" data-end=\"1102\">Contenu vari\u00e9 et de qualit\u00e9<\/p>\n<\/li>\n<li data-start=\"1103\" data-end=\"1162\">\n<p data-start=\"1105\" data-end=\"1162\"><strong data-start=\"1105\" data-end=\"1124\">\u00c9dition limit\u00e9e<\/strong> \u2013 disponible en quantit\u00e9s restreintes<\/p>\n<\/li>\n<\/ul>\n<h5 data-start=\"1164\" data-end=\"1182\">\ud83c\udf81 Id\u00e9e cadeau<\/h5>\n<p data-start=\"1183\" data-end=\"1301\">\u00c0 offrir seul ou accompagn\u00e9 de <strong data-start=\"1214\" data-end=\"1260\">billets pour le March\u00e9 de No\u00ebl du Barcar\u00e8s<\/strong> pour une exp\u00e9rience encore plus magique.<\/p>\n<\/div>\n<\/div>\n<\/div>\n<\/div>\n<\/div>\n<\/div>\n<\/article>\n<\/div>\n<\/div>\n<div id=\"thread-bottom-container\" class=\"sticky bottom-0 group\/thread-bottom-container relative isolate z-10 w-full basis-auto has-data-has-thread-error:pt-2 has-data-has-thread-error:[box-shadow:var(--sharp-edge-bottom-shadow)] md:border-transparent md:pt-0 dark:border-white\/20 md:dark:border-transparent print:hidden content-fade single-line flex flex-col\">\n<div id=\"thread-bottom\">\n<div class=\"text-base mx-auto [--thread-content-margin:--spacing(4)] @w-sm\/main:[--thread-content-margin:--spacing(6)] @w-lg\/main:[--thread-content-margin:--spacing(16)] px-(--thread-content-margin)\">\n<div class=\"[--thread-content-max-width:40rem] @w-lg\/main:[--thread-content-max-width:48rem] mx-auto max-w-(--thread-content-max-width) flex-1 mb-4\">\n<div class=\"flex justify-center empty:hidden\"><img loading=\"lazy\" decoding=\"async\" class=\"aligncenter\" src=\"https:\/\/encrypted-tbn0.gstatic.com\/images?q=tbn:ANd9GcTOmahniYr0KUOzQv5aCBXo-_iTEZDZZuxRZA&amp;s\" width=\"131\" height=\"234\" \/><\/div>\n<div class=\"pointer-events-auto relative z-1 flex h-(--composer-container-height,100%) max-w-full flex-(--composer-container-flex,1) flex-col\">\n<p><button class=\"invisible absolute self-center\" tabindex=\"-1\" name=\"context-connector-pasted-link-popover-trigger\" type=\"button\" aria-hidden=\"true\" aria-haspopup=\"dialog\" aria-expanded=\"false\" aria-controls=\"radix-_R_9qkikol5ab33ih6kcm_\" data-state=\"closed\"><\/button><\/p>\n<div class=\"absolute start-0 end-0 bottom-full z-20\"><\/div>\n<form class=\"group\/composer w-full\" data-type=\"unified-composer\">\n<div class=\"hidden\"><input tabindex=\"-1\" multiple=\"multiple\" type=\"file\" \/><\/div>\n<div class=\"\">\n<div class=\"bg-token-bg-primary corner-superellipse\/1.1 cursor-text overflow-clip bg-clip-padding p-2.5 contain-inline-size dark:bg-[#303030] grid grid-cols-[auto_1fr_auto] [grid-template-areas:'header_header_header'_'leading_primary_trailing'_'._footer_.'] group-data-expanded\/composer:[grid-template-areas:'header_header_header'_'primary_primary_primary'_'leading_footer_trailing'] shadow-short\">\n<div class=\"-my-2.5 flex min-h-14 items-center overflow-x-hidden px-1.5 [grid-area:primary] group-data-expanded\/composer:mb-0 group-data-expanded\/composer:px-2.5\">\n<div class=\"wcDTda_prosemirror-parent text-token-text-primary max-h-[max(30svh,5rem)] max-h-52 flex-1 overflow-auto [scrollbar-width:thin] default-browser vertical-scroll-fade-mask\">\n<p><textarea class=\"wcDTda_fallbackTextarea\" name=\"prompt-textarea\" autofocus=\"\" placeholder=\"Poser une question\" data-virtualkeyboard=\"true\"><\/textarea><\/p>\n<div id=\"prompt-textarea\" class=\"ProseMirror\" contenteditable=\"true\" translate=\"no\" data-virtualkeyboard=\"true\"><\/div>\n<\/div>\n<\/div>\n<\/div>\n<\/div>\n<\/form>\n<\/div>\n<\/div>\n<\/div>\n<\/div>\n<\/div>\n","protected":false},"excerpt":{"rendered":"<p>\ud83c\udf81 Calendrier de l\u2019Avent Barcar\u00e8s Faites monter la magie de No\u00ebl jour apr\u00e8s jour avec le Calendrier de l\u2019Avent Barcar\u00e8s, [&hellip;]<\/p>\n","protected":false},"featured_media":148,"comment_status":"open","ping_status":"closed","template":"","meta":{"site-sidebar-layout":"default","site-content-layout":"","ast-site-content-layout":"default","site-content-style":"default","site-sidebar-style":"default","ast-global-header-display":"","ast-banner-title-visibility":"","ast-main-header-display":"","ast-hfb-above-header-display":"","ast-hfb-below-header-display":"","ast-hfb-mobile-header-display":"","site-post-title":"","ast-breadcrumbs-content":"","ast-featured-img":"","footer-sml-layout":"","theme-transparent-header-meta":"default","adv-header-id-meta":"","stick-header-meta":"","header-above-stick-meta":"","header-main-stick-meta":"","header-below-stick-meta":"","astra-migrate-meta-layouts":"set","ast-page-background-enabled":"default","ast-page-background-meta":{"desktop":{"background-color":"var(--ast-global-color-5)","background-image":"","background-repeat":"repeat","background-position":"center center","background-size":"auto","background-attachment":"scroll","background-type":"","background-media":"","overlay-type":"","overlay-color":"","overlay-opacity":"","overlay-gradient":""},"tablet":{"background-color":"","background-image":"","background-repeat":"repeat","background-position":"center center","background-size":"auto","background-attachment":"scroll","background-type":"","background-media":"","overlay-type":"","overlay-color":"","overlay-opacity":"","overlay-gradient":""},"mobile":{"background-color":"","background-image":"","background-repeat":"repeat","background-position":"center center","background-size":"auto","background-attachment":"scroll","background-type":"","background-media":"","overlay-type":"","overlay-color":"","overlay-opacity":"","overlay-gradient":""}},"ast-content-background-meta":{"desktop":{"background-color":"var(--ast-global-color-4)","background-image":"","background-repeat":"repeat","background-position":"center center","background-size":"auto","background-attachment":"scroll","background-type":"","background-media":"","overlay-type":"","overlay-color":"","overlay-opacity":"","overlay-gradient":""},"tablet":{"background-color":"var(--ast-global-color-4)","background-image":"","background-repeat":"repeat","background-position":"center center","background-size":"auto","background-attachment":"scroll","background-type":"","background-media":"","overlay-type":"","overlay-color":"","overlay-opacity":"","overlay-gradient":""},"mobile":{"background-color":"var(--ast-global-color-4)","background-image":"","background-repeat":"repeat","background-position":"center center","background-size":"auto","background-attachment":"scroll","background-type":"","background-media":"","overlay-type":"","overlay-color":"","overlay-opacity":"","overlay-gradient":""}}},"product_brand":[],"product_cat":[20],"product_tag":[],"class_list":{"0":"post-147","1":"product","2":"type-product","3":"status-publish","4":"has-post-thumbnail","6":"product_cat-noel","7":"desktop-align-left","8":"tablet-align-left","9":"mobile-align-left","11":"first","12":"instock","13":"taxable","14":"shipping-taxable","15":"product-type-simple"},"yoast_head":"<!-- This site is optimized with the Yoast SEO plugin v26.4 - https:\/\/yoast.com\/wordpress\/plugins\/seo\/ -->\n<title>Calendrier de l\u2019Avent Barcar\u00e8s - Laura Ndrc24<\/title>\n<meta name=\"robots\" content=\"index, follow, max-snippet:-1, max-image-preview:large, max-video-preview:-1\" \/>\n<link rel=\"canonical\" href=\"https:\/\/laura-ndrc24.se-formation.fr\/index.php\/produit\/calendrier-de-lavent-barcares\/\" \/>\n<meta property=\"og:locale\" content=\"en_US\" \/>\n<meta property=\"og:type\" content=\"article\" \/>\n<meta property=\"og:title\" content=\"Calendrier de l\u2019Avent Barcar\u00e8s - Laura Ndrc24\" \/>\n<meta property=\"og:description\" content=\"\ud83c\udf81 Calendrier de l\u2019Avent Barcar\u00e8s Faites monter la magie de No\u00ebl jour apr\u00e8s jour avec le Calendrier de l\u2019Avent Barcar\u00e8s, [&hellip;]\" \/>\n<meta property=\"og:url\" content=\"https:\/\/laura-ndrc24.se-formation.fr\/index.php\/produit\/calendrier-de-lavent-barcares\/\" \/>\n<meta property=\"og:site_name\" content=\"Laura Ndrc24\" \/>\n<meta property=\"article:modified_time\" content=\"2025-12-16T15:44:28+00:00\" \/>\n<meta property=\"og:image\" content=\"https:\/\/laura-ndrc24.se-formation.fr\/wp-content\/uploads\/2025\/12\/calend.jpeg\" \/>\n\t<meta property=\"og:image:width\" content=\"168\" \/>\n\t<meta property=\"og:image:height\" content=\"300\" \/>\n\t<meta property=\"og:image:type\" content=\"image\/jpeg\" \/>\n<meta name=\"twitter:card\" content=\"summary_large_image\" \/>\n<meta name=\"twitter:label1\" content=\"Est. reading time\" \/>\n\t<meta name=\"twitter:data1\" content=\"2 minutes\" \/>\n<script type=\"application\/ld+json\" class=\"yoast-schema-graph\">{\"@context\":\"https:\/\/schema.org\",\"@graph\":[{\"@type\":\"WebPage\",\"@id\":\"https:\/\/laura-ndrc24.se-formation.fr\/index.php\/produit\/calendrier-de-lavent-barcares\/\",\"url\":\"https:\/\/laura-ndrc24.se-formation.fr\/index.php\/produit\/calendrier-de-lavent-barcares\/\",\"name\":\"Calendrier de l\u2019Avent Barcar\u00e8s - Laura Ndrc24\",\"isPartOf\":{\"@id\":\"https:\/\/laura-ndrc24.se-formation.fr\/#website\"},\"primaryImageOfPage\":{\"@id\":\"https:\/\/laura-ndrc24.se-formation.fr\/index.php\/produit\/calendrier-de-lavent-barcares\/#primaryimage\"},\"image\":{\"@id\":\"https:\/\/laura-ndrc24.se-formation.fr\/index.php\/produit\/calendrier-de-lavent-barcares\/#primaryimage\"},\"thumbnailUrl\":\"https:\/\/laura-ndrc24.se-formation.fr\/wp-content\/uploads\/2025\/12\/calend.jpeg\",\"datePublished\":\"2025-12-16T15:29:32+00:00\",\"dateModified\":\"2025-12-16T15:44:28+00:00\",\"breadcrumb\":{\"@id\":\"https:\/\/laura-ndrc24.se-formation.fr\/index.php\/produit\/calendrier-de-lavent-barcares\/#breadcrumb\"},\"inLanguage\":\"en-US\",\"potentialAction\":[{\"@type\":\"ReadAction\",\"target\":[\"https:\/\/laura-ndrc24.se-formation.fr\/index.php\/produit\/calendrier-de-lavent-barcares\/\"]}]},{\"@type\":\"ImageObject\",\"inLanguage\":\"en-US\",\"@id\":\"https:\/\/laura-ndrc24.se-formation.fr\/index.php\/produit\/calendrier-de-lavent-barcares\/#primaryimage\",\"url\":\"https:\/\/laura-ndrc24.se-formation.fr\/wp-content\/uploads\/2025\/12\/calend.jpeg\",\"contentUrl\":\"https:\/\/laura-ndrc24.se-formation.fr\/wp-content\/uploads\/2025\/12\/calend.jpeg\",\"width\":168,\"height\":300},{\"@type\":\"BreadcrumbList\",\"@id\":\"https:\/\/laura-ndrc24.se-formation.fr\/index.php\/produit\/calendrier-de-lavent-barcares\/#breadcrumb\",\"itemListElement\":[{\"@type\":\"ListItem\",\"position\":1,\"name\":\"Accueil\",\"item\":\"https:\/\/laura-ndrc24.se-formation.fr\/\"},{\"@type\":\"ListItem\",\"position\":2,\"name\":\"Boutique\",\"item\":\"https:\/\/laura-ndrc24.se-formation.fr\/index.php\/boutique\/\"},{\"@type\":\"ListItem\",\"position\":3,\"name\":\"Calendrier de l\u2019Avent Barcar\u00e8s\"}]},{\"@type\":\"WebSite\",\"@id\":\"https:\/\/laura-ndrc24.se-formation.fr\/#website\",\"url\":\"https:\/\/laura-ndrc24.se-formation.fr\/\",\"name\":\"Laura Ndrc24\",\"description\":\"\",\"potentialAction\":[{\"@type\":\"SearchAction\",\"target\":{\"@type\":\"EntryPoint\",\"urlTemplate\":\"https:\/\/laura-ndrc24.se-formation.fr\/?s={search_term_string}\"},\"query-input\":{\"@type\":\"PropertyValueSpecification\",\"valueRequired\":true,\"valueName\":\"search_term_string\"}}],\"inLanguage\":\"en-US\"}]}<\/script>\n<!-- \/ Yoast SEO plugin. -->","yoast_head_json":{"title":"Calendrier de l\u2019Avent Barcar\u00e8s - Laura Ndrc24","robots":{"index":"index","follow":"follow","max-snippet":"max-snippet:-1","max-image-preview":"max-image-preview:large","max-video-preview":"max-video-preview:-1"},"canonical":"https:\/\/laura-ndrc24.se-formation.fr\/index.php\/produit\/calendrier-de-lavent-barcares\/","og_locale":"en_US","og_type":"article","og_title":"Calendrier de l\u2019Avent Barcar\u00e8s - Laura Ndrc24","og_description":"\ud83c\udf81 Calendrier de l\u2019Avent Barcar\u00e8s Faites monter la magie de No\u00ebl jour apr\u00e8s jour avec le Calendrier de l\u2019Avent Barcar\u00e8s, [&hellip;]","og_url":"https:\/\/laura-ndrc24.se-formation.fr\/index.php\/produit\/calendrier-de-lavent-barcares\/","og_site_name":"Laura Ndrc24","article_modified_time":"2025-12-16T15:44:28+00:00","og_image":[{"width":168,"height":300,"url":"https:\/\/laura-ndrc24.se-formation.fr\/wp-content\/uploads\/2025\/12\/calend.jpeg","type":"image\/jpeg"}],"twitter_card":"summary_large_image","twitter_misc":{"Est. reading time":"2 minutes"},"schema":{"@context":"https:\/\/schema.org","@graph":[{"@type":"WebPage","@id":"https:\/\/laura-ndrc24.se-formation.fr\/index.php\/produit\/calendrier-de-lavent-barcares\/","url":"https:\/\/laura-ndrc24.se-formation.fr\/index.php\/produit\/calendrier-de-lavent-barcares\/","name":"Calendrier de l\u2019Avent Barcar\u00e8s - Laura Ndrc24","isPartOf":{"@id":"https:\/\/laura-ndrc24.se-formation.fr\/#website"},"primaryImageOfPage":{"@id":"https:\/\/laura-ndrc24.se-formation.fr\/index.php\/produit\/calendrier-de-lavent-barcares\/#primaryimage"},"image":{"@id":"https:\/\/laura-ndrc24.se-formation.fr\/index.php\/produit\/calendrier-de-lavent-barcares\/#primaryimage"},"thumbnailUrl":"https:\/\/laura-ndrc24.se-formation.fr\/wp-content\/uploads\/2025\/12\/calend.jpeg","datePublished":"2025-12-16T15:29:32+00:00","dateModified":"2025-12-16T15:44:28+00:00","breadcrumb":{"@id":"https:\/\/laura-ndrc24.se-formation.fr\/index.php\/produit\/calendrier-de-lavent-barcares\/#breadcrumb"},"inLanguage":"en-US","potentialAction":[{"@type":"ReadAction","target":["https:\/\/laura-ndrc24.se-formation.fr\/index.php\/produit\/calendrier-de-lavent-barcares\/"]}]},{"@type":"ImageObject","inLanguage":"en-US","@id":"https:\/\/laura-ndrc24.se-formation.fr\/index.php\/produit\/calendrier-de-lavent-barcares\/#primaryimage","url":"https:\/\/laura-ndrc24.se-formation.fr\/wp-content\/uploads\/2025\/12\/calend.jpeg","contentUrl":"https:\/\/laura-ndrc24.se-formation.fr\/wp-content\/uploads\/2025\/12\/calend.jpeg","width":168,"height":300},{"@type":"BreadcrumbList","@id":"https:\/\/laura-ndrc24.se-formation.fr\/index.php\/produit\/calendrier-de-lavent-barcares\/#breadcrumb","itemListElement":[{"@type":"ListItem","position":1,"name":"Accueil","item":"https:\/\/laura-ndrc24.se-formation.fr\/"},{"@type":"ListItem","position":2,"name":"Boutique","item":"https:\/\/laura-ndrc24.se-formation.fr\/index.php\/boutique\/"},{"@type":"ListItem","position":3,"name":"Calendrier de l\u2019Avent Barcar\u00e8s"}]},{"@type":"WebSite","@id":"https:\/\/laura-ndrc24.se-formation.fr\/#website","url":"https:\/\/laura-ndrc24.se-formation.fr\/","name":"Laura Ndrc24","description":"","potentialAction":[{"@type":"SearchAction","target":{"@type":"EntryPoint","urlTemplate":"https:\/\/laura-ndrc24.se-formation.fr\/?s={search_term_string}"},"query-input":{"@type":"PropertyValueSpecification","valueRequired":true,"valueName":"search_term_string"}}],"inLanguage":"en-US"}]}},"_links":{"self":[{"href":"https:\/\/laura-ndrc24.se-formation.fr\/index.php\/wp-json\/wp\/v2\/product\/147","targetHints":{"allow":["GET"]}}],"collection":[{"href":"https:\/\/laura-ndrc24.se-formation.fr\/index.php\/wp-json\/wp\/v2\/product"}],"about":[{"href":"https:\/\/laura-ndrc24.se-formation.fr\/index.php\/wp-json\/wp\/v2\/types\/product"}],"replies":[{"embeddable":true,"href":"https:\/\/laura-ndrc24.se-formation.fr\/index.php\/wp-json\/wp\/v2\/comments?post=147"}],"wp:featuredmedia":[{"embeddable":true,"href":"https:\/\/laura-ndrc24.se-formation.fr\/index.php\/wp-json\/wp\/v2\/media\/148"}],"wp:attachment":[{"href":"https:\/\/laura-ndrc24.se-formation.fr\/index.php\/wp-json\/wp\/v2\/media?parent=147"}],"wp:term":[{"taxonomy":"product_brand","embeddable":true,"href":"https:\/\/laura-ndrc24.se-formation.fr\/index.php\/wp-json\/wp\/v2\/product_brand?post=147"},{"taxonomy":"product_cat","embeddable":true,"href":"https:\/\/laura-ndrc24.se-formation.fr\/index.php\/wp-json\/wp\/v2\/product_cat?post=147"},{"taxonomy":"product_tag","embeddable":true,"href":"https:\/\/laura-ndrc24.se-formation.fr\/index.php\/wp-json\/wp\/v2\/product_tag?post=147"}],"curies":[{"name":"wp","href":"https:\/\/api.w.org\/{rel}","templated":true}]}}